 digit of n?
7
Suppose 5*u - 15 = 0, -8*x + 5*u = -3*x. Let v(r) = -r**3 + 8*r**2 + 2. Let k be v(8). Suppose -6 + k = 2*f, f + 23 = x*w. What is the units digit of w?
7
Let l(h) = -2*h**3 - h**2 + h. Let b be l(2). What is the units digit of (-660)/(-54) + 4/b?
2
Let r = 174 - 99. Let u = -43 + r. What is the units digit of u?
2
Let w = 13 + 15. What is the units digit of w?
8
What is the tens digit of (-1)/4 + (-4)/(48/(-303))?
2
Let g = -352 - -140. Let o = g + 78. What is the units digit of o/(-10) - 4/10?
3
Let v(z) = -1 + 6*z**2 + 3*z + 0*z - 7*z. What is the units digit of v(3)?
1
Let c = 205 + -26. What is the hundreds digit of c?
1
Let s = -2 - -2. Suppose -4*v - 40 = -5*c, 0 = -2*c - v - s*v + 16. What is the units digit of c?
8
Suppose 27 = g + 2*g. Suppose 0 = -i + 4*i - g. What is the units digit of i?
3
Let q = 7 - 6. Let k = 17 + q. What is the units digit of k?
8
Let y = -17 - -17. Suppose 3*d = -y*d + 84. What is the tens digit of d?
2
What is the units digit of 1/((-28)/(-8) + -3)?
2
Let x(u) = u**2 - 17*u - 8. What is the tens digit of x(22)?
0
Suppose -2*i - 3*d - 4 = -0*d, -8 = i + 3*d. Let a be 5/((-2)/(0 + -10)). Suppose 0 = 5*j - n - 62, 2*j + i*n - a = j. What is the units digit of j?
3
Suppose -7*m + 3*m + 21 = -3*a, 4*m = -4*a. Let p be (-46)/6 + 2/m. Let s = 17 + p. What is the units digit of s?
0
Let p = 62 - 3. Suppose -19 = -3*h + p. What is the tens digit of h?
2
Let f = 15 - -12. Suppose f - 2 = 5*k. Suppose -k*m + 7 = 5*i - 23, 0 = -m + 2*i + 15. What is the units digit of m?
9
Suppose 5*u - 2*u = -4*a - 73, -34 = 2*u - a. Let o be (u - -5)*(-2)/4. Suppose 4*n - 5*w = 63, 2*w = 3*n + o*w - 21. What is the units digit of n?
2
Let f(m) = -2*m - 1. Let g(d) = -d. Let t(k) = f(k) + g(k). What is the tens digit of t(-8)?
2
Let i(u) = -u**3 + 3*u**2 + 4*u + 4. Let a be i(4). Suppose -r = -0*k + 3*k + 4, 4*k = a*r - 16. Suppose 10 = r*w - 4. What is the units digit of w?
7
Suppose -12*c + 15*c = 213. What is the units digit of c?
1
Let x(t) = t**2 - t + 1. Let z(h) = -4*h**2 - 4*h. Let j(i) = -5*x(i) - z(i). What is the units digit of j(8)?
3
Suppose 3*r - 8 = -5*u, -11 - 25 = -5*u + 4*r. What is the units digit of u/(-2) - 40/(-4)?
8
Let o = 40 - -23. Suppose 5 = -p + o. What is the tens digit of p?
5
Suppose -2*h + 52 = 2*h. What is the units digit of h?
3
Let j(a) = -6*a**3 + 6*a**2 + 2*a - 12. What is the units digit of j(-4)?
0
Let k(m) = -m**3 - 3*m**2 - m + 1. Let r be k(-2). What is the tens digit of (-27 - r)/(-2)*1?
1
Let o(j) = 8*j + 2. Let y be o(6). Let n = -28 + y. What is the tens digit of n?
2
Let b(o) = -3*o + 10. Let v be 2/(-6) + (-40)/6. Let f be b(v). Suppose -3*j + 39 = 5*k, 5*j + 15 = 4*k - f. What is the units digit of k?
9
Suppose 0 = -0*n + 2*n - 56. Suppose -g + n = -0*g. What is the tens digit of g?
2
Suppose 4*w - 3 = 33. Suppose -4*v = -w*v + 40. Suppose t - v = -t. What is the units digit of t?
4
Let h(w) = -66*w + 3. What is the hundreds digit of h(-2)?
1
Let k(q) = -q**2 - 14*q**3 - 19*q**3 - q + 2 - 3 + 12*q**3. What is the units digit of k(-1)?
0
Let q be (0 + 24/(-15))*-5. Let m be q*(-4)/((-8)/9). Suppose 4*g + m - 92 = 0. What is the units digit of g?
4
Let o(b) = -b - 1. Suppose 7*m + 40 = 2*m. Let a(s) = -s**2 - 7*s + 2. Let l be a(m). What is the units digit of o(l)?
5
Suppose m + 8 = -3*m, 5*x = m + 2. Suppose x = -2*p - 2*k, -3*p - 6*k = -2*k - 2. Let c(f) = -f**3 - f - 2. What is the units digit of c(p)?
8
Suppose 0 = 5*r + 3*p - 1907, 14*r - 10*r = -5*p + 1536. What is the units digit of r?
9
Suppose -k = 4*p - 206, -5*p + 742 + 49 = 4*k. What is the hundreds digit of k?
1
Suppose -3*t = -3*s - 102, 0 = -0*t + 3*t + 5*s - 86. What is the units digit of t?
2
Let o(f) be the third derivative of -f**7/840 - f**6/180 - f**5/120 - f**3/3 + f**2. Let h(j) be the first derivative of o(j). What is the units digit of h(-2)?
2
Let p(h) = -h**2 - 13*h + 12. Let x be p(-9). Suppose 12 = -4*k + x. What is the units digit of k?
9
Suppose 0 = -4*f + f + 6. Suppose f*p = -3*p + 70. What is the tens digit of p?
1
What is the units digit of (6/(-5))/((-3)/70)?
8
Let a be 4/6 + (-4)/6. Let x(j) = 8*j + 3*j**3 + 10 - 2*j**3 - j**2 - 7*j. What is the units digit of x(a)?
0
Suppose -q + 11 + 25 = 0. What is the tens digit of q?
3
Let w(m) = -2*m**2 - 32*m. What is the tens digit of w(-13)?
7
Let c(r) = 4*r + 4. What is the units digit of c(4)?
0
Let x = -299 + 424. What is the hundreds digit of x?
1
Let j(c) = -c**3 - c + 2. Let m = -5 - -5. Let h be j(m). Suppose 4*y = -h*n + n, -2*y = n - 2. What is the units digit of n?
4
Suppose -3*g - 2*o = -16 - 15, -13 = -4*g + 3*o. Suppose -3 = -s + g. What is the tens digit of s?
1
Let q = -207 + 312. What is the tens digit of q?
0
Suppose -2*u - 2*d = -u - 74, -62 = -u + 4*d. What is the tens digit of u?
7
Let a(r) = -r - 3. Let v(j) = -j**3 - 6*j**2 + 6*j + 8. Let s be v(-6). Let h be (2 + -1)*s/4. What is the units digit of a(h)?
4
Suppose -266 = -2*h - 3*f + f, 0 = -2*h - 3*f + 265. What is the units digit of h?
4
Let s(l) = 13*l**3 + l**2 - 1. Let k = 0 - 1. Let m be s(k). Let j = m - -20. What is the units digit of j?
7
Suppose 4*x = 9*x - 70. What is the tens digit of x?
1
Let l(x) = 25*x - 2. What is the tens digit of l(1)?
2
Let g(b) = -11*b + 9. Let m be g(3). Let f = m - -25. What is the units digit of f?
1
Suppose 5*p + 4*s - 2*s = 1749, -p + 5*s + 366 = 0. What is the units digit of p?
1
Let v(f) = f**2 + f + 3. What is the units digit of v(0)?
3
Let f(w) = w + 13. Let o(p) = p**3 - 2*p**2. Let m be o(2). What is the tens digit of f(m)?
1
Suppose 5*p + 4*q + 4 = 14, -2*p + 2*q + 22 = 0. What is the units digit of p?
6
Suppose -4*c + 3 = -0*u + u, 3*u + 5*c - 9 = 0. Suppose u*f - 12 = f. What is the units digit of f?
6
Suppose -3*k = 3*u - 6, -5*k + 3*u = u + 4. Suppose c = -k*c. Suppose 3*z = -h + 22, c*h = 4*z - h - 27. What is the units digit of z?
7
Suppose i = -v + 80, 84 = -0*i + i + 2*v. Let h be 7*(32/28 - 2). What is the tens digit of (i/(-6))/(h/9)?
1
Let y = 75 - 30. Suppose 3*w = -2*w - y. What is the units digit of (24/w + 3)*57?
9
Let c(m) = 2*m**2 + 12*m. Let t be c(-6). Let i(l) = l**2 + 7*l + 7. Let r be i(-5). What is the tens digit of t + r + 1 - -14?
1
Suppose 69 = 4*j - q + 2, -4*q - 12 = 0. What is the tens digit of j?
1
What is the tens digit of -47*-3*(5/(-3) - -2)?
4
Suppose 7 = j - 0*j. Suppose -v + j = 3*x, v - 1 = x + 2*v. What is the units digit of (-14 - 0)*(-2)/x?
7
Let o = 11 + -21. Let b = 18 + o. What is the units digit of b?
8
Let c be 4*1*(-35)/28. Let r be (5 + c)/(2 + -1). Suppose -2*f - 2 = r, 6 = 2*q - q + f. What is the units digit of q?
7
Let i = 12 - 15. What is the tens digit of (-28 + -1)/(-4 - i)?
2
Suppose 1249 = 4*w + 5*d, w + 6*d - 8*d - 296 = 0. What is the units digit of w?
6
Let h = -7 - -125. What is the hundreds digit of h?
1
What is the units digit of (430/15)/((-2)/(-3))?
3
Let f(d) = d - 6*d**2 - d**3 + 19 - 2 - 6*d**2. Let g = -14 - -2. What is the units digit of f(g)?
5
Let q = -24 - 39. What is the units digit of -8*(q/(-12))/(-3)?
4
Suppose -12*t = -3*t - 864. What is the units digit of t?
6
Suppose -j = -0 - 4. Suppose 11 = 4*v - 3*m, 0*m - 8 = -j*v + 4*m. Suppose 4*g + 3*a = 30, -v*a = -2*g - 2*a + 6. What is the units digit of g?
6
Let p = 6 - -3. What is the units digit of p?
9
Let k(g) = 14*g**2 + 1. Let r be k(2). Suppose 4*p - 23 = r. What is the tens digit of p?
2
Suppose w = 6*w - 25. Let c be ((-2)/w)/((-2)/60). Suppose -a + c = 2*a. What is the units digit of a?
4
Suppose -2*t = -5*b - 6, -8*t + 3*b - 23 = -3*t. Let d = t + 11. Suppose 5*c = -2*m + 2 + d, c + 8 = -5*m. What is the units digit of c?
2
What is the tens digit of ((-4)/5)/((-2)/55)?
2
Let t = 3 - 4. Let p = t + 4. What is the units digit of p?
3
Suppose -h - 96 = -3*h. What is the tens digit of h?
4
Let x = 58 - 115. What is the tens digit of (-4)/(x/27 - -2)?
3
What is the units digit of 3/6 - 35/(-2)?
8
Let t = -3 - -7. Suppose -t*k + k = 36. Let g = k - -22. What is the units digit of g?
0
Let h(b) = -8*b - 10. Let f(p) = 9*p + 10. Let i(w) = 6*f(w) + 7*h(w). What is the units digit of i(-9)?
8
Let p(n) = n**2 + 9*n - 25. What is the tens digit of p(-13)?
2
Let z be (-1 - 4)*(-20)/25. Let i = z - -1